en 634 is divided by 32.
26
What is the remainder when 815 is divided by 240?
95
What is the remainder when 41 is divided by 3?
2
What is the remainder when 536 is divided by 176?
8
Calculate the remainder when 1129 is divided by 39.
37
What is the remainder when 710 is divided by 120?
110
What is the remainder when 476 is divided by 31?
11
What is the remainder when 739 is divided by 737?
2
Calculate the remainder when 488 is divided by 69.
5
Calculate the remainder when 9 is divided by 4.
1
What is the remainder when 314 is divided by 15?
14
What is the remainder when 95 is divided by 16?
15
Calculate the remainder when 825 is divided by 68.
9
Calculate the remainder when 99 is divided by 34.
31
Calculate the remainder when 904 is divided by 52.
20
What is the remainder when 1233 is divided by 95?
93
Calculate the remainder when 224 is divided by 55.
4
Calculate the remainder when 294 is divided by 74.
72
Calculate the remainder when 276 is divided by 93.
90
What is the remainder when 1288 is divided by 30?
28
What is the remainder when 2581 is divided by 76?
73
What is the remainder when 205 is divided by 185?
20
What is the remainder when 84 is divided by 32?
20
Calculate the remainder when 170 is divided by 6.
2
Calculate the remainder when 6862 is divided by 16.
14
What is the remainder when 140 is divided by 24?
20
What is the remainder when 153 is divided by 7?
6
What is the remainder when 86 is divided by 18?
14
Calculate the remainder when 1023 is divided by 179.
128
Calculate the remainder when 43 is divided by 13.
4
What is the remainder when 3874 is divided by 58?
46
Calculate the remainder when 451 is divided by 49.
10
What is the remainder when 119 is divided by 55?
9
What is the remainder when 571 is divided by 170?
61
Calculate the remainder when 102 is divided by 85.
17
What is the remainder when 655 is divided by 14?
11
Calculate the remainder when 335 is divided by 16.
15
Calculate the remainder when 288 is divided by 101.
86
Calculate the remainder when 720 is divided by 25.
20
Calculate the remainder when 1647 is divided by 22.
19
Calculate the remainder when 813 is divided by 37.
36
Calculate the remainder when 224 is divided by 130.
94
Calculate the remainder when 77 is divided by 43.
34
What is the remainder when 336 is divided by 90?
66
What is the remainder when 195 is divided by 91?
13
What is the remainder when 4554 is divided by 106?
102
What is the remainder when 209 is divided by 50?
9
Calculate the remainder when 3154 is divided by 20.
14
Calculate the remainder when 285 is divided by 78.
51
Calculate the remainder when 201 is divided by 68.
65
What is the remainder when 271 is divided by 34?
33
Calculate the remainder when 121 is divided by 6.
1
What is the remainder when 944 is divided by 21?
20
Calculate the remainder when 123 is divided by 15.
3
Calculate the remainder when 928 is divided by 156.
148
What is the remainder when 1529 is divided by 85?
84
Calculate the remainder when 509 is divided by 100.
9
What is the remainder when 528 is divided by 44?
0
What is the remainder when 1615 is divided by 226?
33
What is the remainder when 4065 is divided by 83?
81
What is the remainder when 320 is divided by 82?
74
Calculate the remainder when 11213 is divided by 22.
15
What is the remainder when 125 is divided by 63?
62
What is the remainder when 2411 is divided by 115?
111
What is the remainder when 297 is divided by 44?
33
What is the remainder when 1698 is divided by 94?
6
Calculate the remainder when 575 is divided by 35.
15
What is the remainder when 167 is divided by 54?
5
Calculate the remainder when 567 is divided by 157.
96
What is the remainder when 1735 is divided by 90?
25
What is the remainder when 84 is divided by 25?
9
Calculate the remainder when 301 is divided by 78.
67
Calculate the remainder when 545 is divided by 346.
199
What is the remainder when 141 is divided by 71?
70
Calculate the remainder when 3336 is divided by 63.
60
What is the remainder when 779 is divided by 155?
4
What is the remainder when 193 is divided by 5?
3
What is the remainder when 1647 is divided by 22?
19
Calculate the remainder when 18 is divided by 11.
7
What is the remainder when 431 is divided by 139?
14
What is the remainder when 542 is divided by 109?
106
Calculate the remainder when 453 is divided by 7.
5
Calculate the remainder when 161 is divided by 73.
15
What is the remainder when 1118 is divided by 2?
0
What is the remainder when 1065 is divided by 82?
81
What is the remainder when 384 is divided by 35?
34
Calculate the remainder when 465 is divided by 93.
0
Calculate the remainder when 745 is divided by 22.
19
What is the remainder when 41 is divided by 23?
18
What is the remainder when 710 is divided by 178?
176
Calculate the remainder when 1525 is divided by 377.
17
What is the remainder when 16 is divided by 7?
2
What is the remainder when 1605 is divided by 202?
191
What is the remainder when 470 is divided by 38?
14
What is the remainder when 1999 is divided by 25?
24
What is the remainder when 43 is divided by 10?
3
What is the remainder when 4574 is divided by 61?
60
What is the remainder when 271 is divided by 91?
89
What is the remainder when 13 is divided by 2?
1
What is the remainder when 1158 is divided by 232?
230
What is the remainder when 205 is divided by 23?
21
What is the remainder when 71 is divided by 31?
9
What is the remainder when 137 is divided by 29?
21
Calculate the remainder when 214 is divided by 42.
4
What is the remainder when 497 is divided by 163?
8
Calculate the remainder when 86 is divided by 27.
5
Calculate the remainder when 292 is divided by 146.
0
What is the remainder when 244 is divided by 88?
68
What is the remainder when 938 is divided by 66?
14
What is the remainder when 4094 is divided by 35?
34
What is the remainder when 48 is divided by 36?
12
What is the remainder when 779 is divided by 71?
69
What is the remainder when 14441 is divided by 92?
89
Calculate the remainder when 616 is divided by 23.
18
Calculate the remainder when 1013 is divided by 13.
12
What is the remainder when 299 is divided by 157?
142
Calculate the remainder when 2209 is divided by 79.
76
What is the remainder when 176 is divided by 26?
20
Calculate the remainder when 1385 is divided by 263.
70
Calculate the remainder when 478 is divided by 37.
34
What is the remainder when 2314 is divided by 249?
73
What is the remainder when 448 is divided by 55?
8
Calculate the remainder when 3500 is divided by 103.
101
What is the remainder when 53 is divided by 30?
23
What is the remainder when 1568 is divided by 220?
28
What is the remainder when 36 is divided by 24?
12
Calculate the remainder when 103 is divided by 31.
10
Calculate the remainder when 4986 is divided by 45.
36
What is the remainder when 257 is divided by 4?
1
What is the remainder when 150 is divided by 42?
24
Calculate the remainder when 204 is divided by 54.
42
Calculate the remainder when 3062 is divided by 8.
6
Calculate the remainder when 492 is divided by 33.
30
What is the remainder when 1292 is divided by 27?
23
Calculate the remainder when 636 is divided by 9.
6
Calculate the remainder when 311 is divided by 61.
6
Calculate the remainder when 113 is divided by 35.
8
Calculate the remainder when 2351 is divided by 1154.
43
What is the remainder when 1406 is divided by 32?
30
What is the remainder when 731 is divided by 141?
26
What is the remainder when 218 is divided by 14?
8
What is the remainder when 1036 is divided by 40?
36
What is the remainder when 927 is divided by 24?
15
What is the remainder when 2114 is divided by 418?
24
What is the remainder when 265 is divided by 27?
22
Calculate the remainder when 5993 is divided by 55.
53
Calculate the remainder when 845 is divided by 840.
5
What is the remainder when 951 is divided by 68?
67
Calculate the remainder when 340 is divided by 119.
102
Calculate the remainder when 14466 is divided by 54.
48
Calculate the remainder when 58983 is divided by 73.
72
What is the remainder when 172 is divided by 69?
34
What is the remainder when 942 is divided by 418?
106
Calculate the remainder when 299 is divided by 76.
71
Calculate the remainder when 4 is divided by 2.
0
What 